[INFO] fetching crate diesel-derive-newtype 0.1.2...
[INFO] checking diesel-derive-newtype-0.1.2 against try#72f88fc4e9458f89516a0b8b0868f3718aec5b47 for pr-74989
[INFO] extracting crate diesel-derive-newtype 0.1.2 into /workspace/builds/worker-5/source
[INFO] validating manifest of crates.io crate diesel-derive-newtype 0.1.2 on toolchain 72f88fc4e9458f89516a0b8b0868f3718aec5b47
[INFO] running `Command { std: "/workspace/cargo-home/bin/cargo" "+72f88fc4e9458f89516a0b8b0868f3718aec5b47" "read-manifest" "--manifest-path" "Cargo.toml", kill_on_drop: false }`
[INFO] started tweaking crates.io crate diesel-derive-newtype 0.1.2
[INFO] finished tweaking crates.io crate diesel-derive-newtype 0.1.2
[INFO] tweaked toml for crates.io crate diesel-derive-newtype 0.1.2 written to /workspace/builds/worker-5/source/Cargo.toml
[INFO] running `Command { std: "/workspace/cargo-home/bin/cargo" "+72f88fc4e9458f89516a0b8b0868f3718aec5b47" "generate-lockfile" "--manifest-path" "Cargo.toml" "-Zno-index-update", kill_on_drop: false }`
[INFO] [stderr]     Blocking waiting for file lock on package cache
[INFO] running `Command { std: "/workspace/cargo-home/bin/cargo" "+72f88fc4e9458f89516a0b8b0868f3718aec5b47" "fetch" "--locked" "--manifest-path" "Cargo.toml", kill_on_drop: false }`
[INFO] running `Command { std: "docker" "create" "-v" "/var/lib/crater-agent-workspace/builds/worker-5/target:/opt/rustwide/target:rw,Z" "-v" "/var/lib/crater-agent-workspace/builds/worker-5/source:/opt/rustwide/workdir:ro,Z" "-v" "/var/lib/crater-agent-workspace/cargo-home:/opt/rustwide/cargo-home:ro,Z" "-v" "/var/lib/crater-agent-workspace/rustup-home:/opt/rustwide/rustup-home:ro,Z" "-e" "SOURCE_DIR=/opt/rustwide/workdir" "-e" "CARGO_TARGET_DIR=/opt/rustwide/target" "-e" "CARGO_HOME=/opt/rustwide/cargo-home" "-e" "RUSTUP_HOME=/opt/rustwide/rustup-home" "-w" "/opt/rustwide/workdir" "-m" "1610612736" "--user" "0:0" "--network" "none" "rustops/crates-build-env@sha256:d92eaeed33fa75130ca1ee6c8a01d1ffb62bac859dfdfb3450e3e5d1c0146529" "/opt/rustwide/cargo-home/bin/cargo" "+72f88fc4e9458f89516a0b8b0868f3718aec5b47" "metadata" "--no-deps" "--format-version=1", kill_on_drop: false }`
[INFO] [stdout] 1939ba74ee92b4a15840b550fc10e1e5e38cd6c7b31c7eb730b929110bb125a8
[INFO] [stderr] WARNING: Your kernel does not support swap limit capabilities or the cgroup is not mounted. Memory limited without swap.
[INFO] running `Command { std: "docker" "start" "-a" "1939ba74ee92b4a15840b550fc10e1e5e38cd6c7b31c7eb730b929110bb125a8", kill_on_drop: false }`
[INFO] running `Command { std: "docker" "inspect" "1939ba74ee92b4a15840b550fc10e1e5e38cd6c7b31c7eb730b929110bb125a8", kill_on_drop: false }`
[INFO] running `Command { std: "docker" "rm" "-f" "1939ba74ee92b4a15840b550fc10e1e5e38cd6c7b31c7eb730b929110bb125a8", kill_on_drop: false }`
[INFO] [stdout] 1939ba74ee92b4a15840b550fc10e1e5e38cd6c7b31c7eb730b929110bb125a8
[INFO] running `Command { std: "docker" "create" "-v" "/var/lib/crater-agent-workspace/builds/worker-5/target:/opt/rustwide/target:rw,Z" "-v" "/var/lib/crater-agent-workspace/builds/worker-5/source:/opt/rustwide/workdir:ro,Z" "-v" "/var/lib/crater-agent-workspace/cargo-home:/opt/rustwide/cargo-home:ro,Z" "-v" "/var/lib/crater-agent-workspace/rustup-home:/opt/rustwide/rustup-home:ro,Z" "-e" "SOURCE_DIR=/opt/rustwide/workdir" "-e" "CARGO_TARGET_DIR=/opt/rustwide/target" "-e" "CARGO_INCREMENTAL=0" "-e" "RUST_BACKTRACE=full" "-e" "RUSTFLAGS=--cap-lints=forbid" "-e" "CARGO_HOME=/opt/rustwide/cargo-home" "-e" "RUSTUP_HOME=/opt/rustwide/rustup-home" "-w" "/opt/rustwide/workdir" "-m" "1610612736" "--user" "0:0" "--network" "none" "rustops/crates-build-env@sha256:d92eaeed33fa75130ca1ee6c8a01d1ffb62bac859dfdfb3450e3e5d1c0146529" "/opt/rustwide/cargo-home/bin/cargo" "+72f88fc4e9458f89516a0b8b0868f3718aec5b47" "check" "--frozen" "--all" "--all-targets" "--message-format=json", kill_on_drop: false }`
[INFO] [stdout] 848ad5ed18fc3875930d0a30a2c38b641640ff0ecebad19d334ed09893f146ef
[INFO] [stderr] WARNING: Your kernel does not support swap limit capabilities or the cgroup is not mounted. Memory limited without swap.
[INFO] running `Command { std: "docker" "start" "-a" "848ad5ed18fc3875930d0a30a2c38b641640ff0ecebad19d334ed09893f146ef", kill_on_drop: false }`
[INFO] [stderr]    Compiling proc-macro2 v0.4.30
[INFO] [stderr]     Checking unicode-xid v0.1.0
[INFO] [stderr]    Compiling diesel_derives v1.4.1
[INFO] [stderr]    Compiling libsqlite3-sys v0.18.0
[INFO] [stderr]     Checking quote v0.6.13
[INFO] [stderr]     Checking syn v0.14.9
[INFO] [stderr]     Checking diesel v1.4.5
[INFO] [stderr]     Checking diesel-derive-newtype v0.1.2 (/opt/rustwide/workdir)
[INFO] [stdout] error[E0432]: unresolved import `diesel`
[INFO] [stdout]   --> tests/compile-weird-diesel-imports.rs:10:42
[INFO] [stdout]    |
[INFO] [stdout] 10 | #[derive(Debug, PartialEq, Identifiable, Queryable)]
[INFO] [stdout]    |                                          ^^^^^^^^^ no `diesel` in the root
[INFO] [stdout]    |
[INFO] [stdout]    = note: this error originates in a derive macro (in Nightly builds, run with -Z macro-backtrace for more info)
[INFO] [stdout] 
[INFO] [stdout] 
[INFO] [stdout] error[E0433]: failed to resolve: maybe a missing crate `diesel`?
[INFO] [stdout]   --> tests/compile-weird-diesel-imports.rs:10:28
[INFO] [stdout]    |
[INFO] [stdout] 10 | #[derive(Debug, PartialEq, Identifiable, Queryable)]
[INFO] [stdout]    |                            ^^^^^^^^^^^^ maybe a missing crate `diesel`?
[INFO] [stdout]    |
[INFO] [stdout]    = note: this error originates in a derive macro (in Nightly builds, run with -Z macro-backtrace for more info)
[INFO] [stdout] 
[INFO] [stdout] 
[INFO] [stdout] error[E0432]: unresolved import `diesel`
[INFO] [stdout]   --> tests/compile-weird-diesel-imports.rs:10:28
[INFO] [stdout]    |
[INFO] [stdout] 10 | #[derive(Debug, PartialEq, Identifiable, Queryable)]
[INFO] [stdout]    |                            ^^^^^^^^^^^^ no `diesel` in the root
[INFO] [stdout]    |
[INFO] [stdout]    = note: this error originates in a derive macro (in Nightly builds, run with -Z macro-backtrace for more info)
[INFO] [stdout] 
[INFO] [stdout] 
[INFO] [stdout] error[E0433]: failed to resolve: maybe a missing crate `diesel`?
[INFO] [stdout]   --> tests/compile-weird-diesel-imports.rs:16:1
[INFO] [stdout]    |
[INFO] [stdout] 16 | / table! {
[INFO] [stdout] 17 | |     my_entities {
[INFO] [stdout] 18 | |         id -> Text,
[INFO] [stdout] 19 | |     }
[INFO] [stdout] 20 | | }
[INFO] [stdout]    | |_^ maybe a missing crate `diesel`?
[INFO] [stdout]    |
[INFO] [stdout]    = note: this error originates in a derive macro (in Nightly builds, run with -Z macro-backtrace for more info)
[INFO] [stdout] 
[INFO] [stdout] 
[INFO] [stdout] error[E0432]: unresolved import `diesel`
[INFO] [stdout]   --> tests/compile-weird-diesel-imports.rs:16:1
[INFO] [stdout]    |
[INFO] [stdout] 16 | / table! {
[INFO] [stdout] 17 | |     my_entities {
[INFO] [stdout] 18 | |         id -> Text,
[INFO] [stdout] 19 | |     }
[INFO] [stdout] 20 | | }
[INFO] [stdout]    | |_^ no `diesel` in the root
[INFO] [stdout]    |
[INFO] [stdout]    = note: this error originates in a derive macro (in Nightly builds, run with -Z macro-backtrace for more info)
[INFO] [stdout] 
[INFO] [stdout] 
[INFO] [stdout] error[E0433]: failed to resolve: maybe a missing crate `diesel`?
[INFO] [stdout]   --> tests/compile-weird-diesel-imports.rs:16:1
[INFO] [stdout]    |
[INFO] [stdout] 16 | / table! {
[INFO] [stdout] 17 | |     my_entities {
[INFO] [stdout] 18 | |         id -> Text,
[INFO] [stdout] 19 | |     }
[INFO] [stdout] 20 | | }
[INFO] [stdout]    | |_^ maybe a missing crate `diesel`?
[INFO] [stdout]    |
[INFO] [stdout]    = note: this error originates in a derive macro (in Nightly builds, run with -Z macro-backtrace for more info)
[INFO] [stdout] 
[INFO] [stdout] 
[INFO] [stdout] error[E0432]: unresolved import `diesel`
[INFO] [stdout]   --> tests/compile-weird-diesel-imports.rs:16:1
[INFO] [stdout]    |
[INFO] [stdout] 16 | / table! {
[INFO] [stdout] 17 | |     my_entities {
[INFO] [stdout] 18 | |         id -> Text,
[INFO] [stdout] 19 | |     }
[INFO] [stdout] 20 | | }
[INFO] [stdout]    | |_^ no `diesel` in the root
[INFO] [stdout]    |
[INFO] [stdout]    = note: this error originates in a derive macro (in Nightly builds, run with -Z macro-backtrace for more info)
[INFO] [stdout] 
[INFO] [stdout] 
[INFO] [stdout] error[E0405]: cannot find trait `HasTable` in this scope
[INFO] [stdout]   --> tests/compile-weird-diesel-imports.rs:10:28
[INFO] [stdout]    |
[INFO] [stdout] 10 | #[derive(Debug, PartialEq, Identifiable, Queryable)]
[INFO] [stdout]    |                            ^^^^^^^^^^^^ not found in this scope
[INFO] [stdout]    |
[INFO] [stdout]    = note: this error originates in a derive macro (in Nightly builds, run with -Z macro-backtrace for more info)
[INFO] [stdout] help: consider importing this trait
[INFO] [stdout]    |
[INFO] [stdout] 4  | use gasoline::associations::HasTable;
[INFO] [stdout]    |
[INFO] [stdout] 
[INFO] [stdout] 
[INFO] [stdout] error[E0405]: cannot find trait `QueryId` in this scope
[INFO] [stdout]   --> tests/compile-weird-diesel-imports.rs:16:1
[INFO] [stdout]    |
[INFO] [stdout] 16 | / table! {
[INFO] [stdout] 17 | |     my_entities {
[INFO] [stdout] 18 | |         id -> Text,
[INFO] [stdout] 19 | |     }
[INFO] [stdout] 20 | | }
[INFO] [stdout]    | |_^ not found in this scope
[INFO] [stdout]    |
[INFO] [stdout]    = note: consider importing this trait:
[INFO] [stdout]            my_entities::QueryId
[INFO] [stdout]    = note: this error originates in a derive macro (in Nightly builds, run with -Z macro-backtrace for more info)
[INFO] [stdout] 
[INFO] [stdout] 
[INFO] [stdout] error: aborting due to 9 previous errors
[INFO] [stdout] 
[INFO] [stdout] 
[INFO] [stdout] Some errors have detailed explanations: E0405, E0432, E0433.
[INFO] [stdout] 
[INFO] [stdout] For more information about an error, try `rustc --explain E0405`.
[INFO] [stdout] 
[INFO] [stderr] error: could not compile `diesel-derive-newtype`.
[INFO] [stderr] 
[INFO] [stderr] To learn more, run the command again with --verbose.
[INFO] [stderr] warning: build failed, waiting for other jobs to finish...
[INFO] [stderr] error: build failed
[INFO] running `Command { std: "docker" "inspect" "848ad5ed18fc3875930d0a30a2c38b641640ff0ecebad19d334ed09893f146ef", kill_on_drop: false }`
[INFO] running `Command { std: "docker" "rm" "-f" "848ad5ed18fc3875930d0a30a2c38b641640ff0ecebad19d334ed09893f146ef", kill_on_drop: false }`
[INFO] [stdout] 848ad5ed18fc3875930d0a30a2c38b641640ff0ecebad19d334ed09893f146ef
